{"id":52,"date":"2019-10-24T12:26:48","date_gmt":"2019-10-24T10:26:48","guid":{"rendered":"http:\/\/osobowoscroku.pl\/?page_id=52"},"modified":"2025-10-16T12:26:10","modified_gmt":"2025-10-16T10:26:10","slug":"kryteria","status":"publish","type":"page","link":"https:\/\/osobowoscroku.pl\/index.php\/kryteria\/","title":{"rendered":"Kryteria"},"content":{"rendered":"<div class=\"wpb-content-wrapper\"><p>[vc_row bg_type=&#8221;image&#8221; parallax_style=&#8221;vcpb-default&#8221; bg_image_new=&#8221;id^23|url^http:\/\/osobowoscroku.pl\/wp-content\/uploads\/2019\/10\/ludzie-kv.png|caption^null|alt^null|title^ludzie-kv|description^null&#8221; bg_image_repeat=&#8221;no-repeat&#8221; bg_img_attach=&#8221;fixed&#8221; bg_override=&#8221;ex-full&#8221;][vc_column]<div class=\"ult-spacer spacer-69e6ef475ec17\" data-id=\"69e6ef475ec17\" data-height=\"100\" data-height-mobile=\"100\" data-height-tab=\"100\" data-height-tab-portrait=\"\" data-height-mobile-landscape=\"\" style=\"clear:both;display:block;\"><\/div>[vc_column_text]<\/p>\n<h1 style=\"text-align: center;\"><span style=\"color: #ffffff;\">Kryteria<\/span><\/h1>\n<p>[\/vc_column_text]<div class=\"ult-spacer spacer-69e6ef475ec31\" data-id=\"69e6ef475ec31\" data-height=\"100\" data-height-mobile=\"100\" data-height-tab=\"100\" data-height-tab-portrait=\"\" data-height-mobile-landscape=\"\" style=\"clear:both;display:block;\"><\/div>[\/vc_column][\/vc_row][vc_row][vc_column]<div class=\"ult-spacer spacer-69e6ef475ec3e\" data-id=\"69e6ef475ec3e\" data-height=\"50\" data-height-mobile=\"50\" data-height-tab=\"50\" data-height-tab-portrait=\"\" data-height-mobile-landscape=\"\" style=\"clear:both;display:block;\"><\/div>[vc_column_text css=&#8221;&#8221;]<\/p>\n<h5>POSTANOWIENIA OG\u00d3LNE<\/h5>\n<p>Organizatorami Konkursu OSOBOWO\u015a\u0106 ROKU s\u0105 og\u00f3lnopolskie organizacje bran\u017cowe: Polska Izba In\u017cynier\u00f3w Budownictwa, Stowarzyszenie Elektryk\u00f3w Polskich, Polska Izba Gospodarcza Elektrotechniki, Polskie Stowarzyszenie Bran\u017cy Elektroenergetycznej, Stowarzyszenia Energetyk\u00f3w Polskich, Polska Izba Radiodyfuzji Cyfrowej, Zwi\u0105zek Telewizji Kablowych w Polsce Izba Gospodarcza, Krajowa Izba Gospodarcza Elektryki, Krajowa Izba Gospodarcza Elektroniki i Telekomunikacji, Stowarzyszenie Teletechnik\u00f3w Polskich XXI, Polski Zwi\u0105zek Przemys\u0142u O\u015bwietleniowego.<\/p>\n<ol>\n<li>Konkurs ma na celu:<\/li>\n<li>a) Wyr\u00f3\u017cnienie i promowanie tw\u00f3rc\u00f3w wdro\u017conych, innowacyjnych rozwi\u0105za\u0144 i przedsi\u0119wzi\u0119\u0107 techniczo-gospodarczych<br \/>\nb) Promocj\u0119 i popularyzowanie dorobku tw\u00f3rc\u00f3w techniki, nauki i nowoczesnej gospodarki<\/li>\n<li>Tematyka Konkursu obejmuje innowacyjne rozwi\u0105zania naukowe, techniczne i organizacyjne wdro\u017cone w ostatnich lach, dotycz\u0105ce m. innymi:<\/li>\n<\/ol>\n<ul>\n<li>nowych rozwiaza\u0144 wyrob\u00f3w elektrycznych i elelektro-energetycznych<\/li>\n<li>proces\u00f3w technologicznych i metod wytwarzania, organizacji i proces\u00f3w zarzadzania<\/li>\n<li>system\u00f3w i proces\u00f3w technologicznych uwzgl\u0119dniajacych oszcz\u0119dnosci w zuzyciu materia\u0142\u00f3w, wzrostu ich jako\u015bci, oszcz\u0119dno\u015bci zuzycia energi, wzrostu funkcjonalno\u015bci<\/li>\n<li>rozwi\u0105za\u0144 naukowo-badawczych przyczyniaj\u0105cych si\u0119 do wzrostu nowoczesno\u015bci wyrob\u00f3w elektrycznych i elektroenergetycznych<\/li>\n<li>ochrony \u015brodowiska<\/li>\n<li>ergonomii i bezpiecze\u0144stwa pracy.<\/li>\n<\/ul>\n<ol start=\"3\">\n<li>Nagroda Konkursu OSOBOWO\u015a\u0106 ROKU przyznawana jest osobom fizycznym za ich dzia\u0142alno\u015b\u0107 i aktywno\u015b\u0107 w roku zg\u0142oszenia i w dw\u00f3ch latach poprzednich, zgodnie z Regulaminem Konkursu i kt\u00f3re spe\u0142niaj\u0105 niniejsze Kryteria.<\/li>\n<li>Po przes\u0142aniu zg\u0142oszenia kandydatury nie mo\u017cna dokonywa\u0107 w nich \u017cadnych zmian. Sekretarz Kapitu\u0142y mo\u017ce wezwa\u0107 sk\u0142adaj\u0105cego aplikacj\u0119 do uzupe\u0142nienia jej brak\u00f3w zgodnie z \u00a7 3 pkt. 3 Regulaminu.<\/li>\n<li>Organizatorzy publikuj\u0105 na swoich stronach internetowych list\u0119 os\u00f3b nominowanych do Tytu\u0142u.<\/li>\n<\/ol>\n<h5>ZASADY UCZESTNICTWA<\/h5>\n<p>Zg\u0142oszenia s\u0105 przyjmowane drog\u0105 elektroniczn\u0105 lub pocztow\u0105 na Formularzach zg\u0142oszeniowych na stronach internetowych organizator\u00f3w. Zg\u0142oszenia nie s\u0105 obj\u0119te \u017cadnymi op\u0142atami.<\/p>\n<ol>\n<li>Zg\u0142oszenia mog\u0105 sk\u0142ada\u0107 zar\u00f3wno sami zainteresowani jak i osoby trzecie.<\/li>\n<li>Zg\u0142oszenie powinno by\u0107 dokonane na Formularzu Zg\u0142oszeniowym stanowi\u0105cym integraln\u0105 cz\u0119\u015b\u0107 niniejszych Kryteri\u00f3w. Do formularza powinny by\u0107 do\u0142\u0105czy\u0107 odpowiednie dokumenty niezb\u0119dne do oceny danej osoby zgodnie z kryteriami okre\u015blonymi w \u00a7 3. Konkretna osoba mo\u017ce by\u0107 oceniana tylko raz bez wzgl\u0119du na ilo\u015b\u0107 zg\u0142osze\u0144. Organizatorzy nie ponosz\u0105 odpowiedzialno\u015bci za zg\u0142oszenia sp\u00f3\u017anione, utracone, uszkodzone, niekompletne, nieczytelne lub nieprawid\u0142owe.<\/li>\n<li>Przekazane informacje musz\u0105 by\u0107 prawdziwe, co zg\u0142aszaj\u0105cy kandydatur\u0119 potwierdza podpisan\u0105 przez siebie deklaracj\u0105 stanowi\u0105c\u0105 integraln\u0105 cz\u0119\u015bci\u0105 zg\u0142oszenia.<\/li>\n<li>W danej edycji Konkursu osoba zg\u0142oszona mo\u017ce by\u0107 rozpatrywana tylko w jednej kategorii. W przypadku zg\u0142oszenia tego samego kandydata w kilku kategoriach, Kapitu\u0142a rozpatruje tylko kandydatur\u0119, kt\u00f3ra zosta\u0142a zg\u0142oszona jako pierwsza. Decyduje o tym data stempla pocztowego, w przypadku przes\u0142ania zg\u0142oszenia poczt\u0105 lub data i czas wp\u0142yni\u0119cia dokument\u00f3w elektronicznych, je\u017celi zg\u0142oszenie przes\u0142ano drog\u0105 elektroniczn\u0105.<\/li>\n<li>Zg\u0142oszenia musz\u0105 by\u0107 wype\u0142nione zgodnie z niniejszym Kryteriami i nades\u0142ane do dnia 31 grudnia ka\u017cdego roku kalendarzowego.<\/li>\n<li>Uczestnikiem Konkursu mo\u017ce zosta\u0107 tylko osoba, kt\u00f3ra jest zg\u0142oszona w nast\u0119puj\u0105cych kategoriach: nauka, gospodarka, otoczenie biznesu. Tytu\u0142 dotyczy dzia\u0142alno\u015bci nagrodzonego w roku zg\u0142oszenia i w dw\u00f3ch latach poprzednich.<\/li>\n<li>W przypadku zg\u0142oszenia kandydatury przez osob\u0119 trzeci\u0105. Sekretarz Kapitu\u0142y informuje osob\u0119 zg\u0142oszon\u0105 o wp\u0142yni\u0119ciu jej kandydatury. Osoba zg\u0142oszona mo\u017ce, w ci\u0105gu 7 dni, nie wyrazi\u0107 zgody na rozpatrywanie jej kandydatury, przesy\u0142aj\u0105c Sekretarzowi Kapitu\u0142y podpisane przez siebie odpowiednie o\u015bwiadczenie. W przypadku otrzymaniu takiego o\u015bwiadczenia, Sekretarz Kapitu\u0142y wycofuje tak\u0105 kandydatur\u0119 z listy nominowanych.<\/li>\n<\/ol>\n<h5>KRYTERIA OCENY<\/h5>\n<ol>\n<li>Zg\u0142oszeni do Konkursu b\u0119d\u0105 oceniani przez Kapitu\u0142\u0119 na podstawie nast\u0119puj\u0105cych kryteri\u00f3w:<\/li>\n<\/ol>\n<ul>\n<li>Konkretne osi\u0105gni\u0119cia w roku zg\u0142oszenia i w dw\u00f3ch latach poprzednich takie jak: osi\u0105gni\u0119te rezultaty pracy zawodowej, bada\u0144 naukowych, dzia\u0142alno\u015bci gospodarczej, menad\u017cerskiej i popularyzatorskiej<\/li>\n<li>Wp\u0142yw dzia\u0142alno\u015bci danej osoby na rozw\u00f3j konkretnej firmy lub sektora, bran\u017cy, organizacji, zespo\u0142\u00f3w badawczych lub wp\u0142yw na procesy decyzyjne, tematyk\u0119 bada\u0144, procesy legislacyjne, opiniotw\u00f3rcze istotne dla sektora elektrycznego, elektroenergetycznego, teletechnicznego i o\u015bwietlenia.<\/li>\n<li>Uzyskane, w okresie b\u0119d\u0105cym przedmiotem oceny, otrzymane nagrody i wyr\u00f3\u017cnienia, zg\u0142oszenia patentowe<\/li>\n<li>Wprowadzone nowe rozwi\u0105zania organizacyjne w zakresie pracy zespo\u0142\u00f3w badawczych, produkcji, handlu i dystrybucji oraz zarz\u0105dzania gospodark\u0105<\/li>\n<li>Zg\u0142oszone rozwi\u0105zania legislacyjne, organizacyjne i prawne<\/li>\n<li>Nowe produkty i rozwi\u0105zania wprowadzone na rynek b\u0119d\u0105ce zas\u0142ug\u0105 zg\u0142oszonego<\/li>\n<li>Osi\u0105gni\u0119te wyniki innych dzia\u0142a\u0144 maj\u0105cych znacz\u0105cy wp\u0142yw na bran\u017ce oraz jej popularyzacj\u0119<\/li>\n<li>\u00a0Innowacyjno\u015b\u0107 i kreatywno\u015b\u0107<\/li>\n<li>Przynale\u017cno\u015bci do stowarzysze\u0144 krajowych i mi\u0119dzynarodowych<\/li>\n<\/ul>\n<ol start=\"2\">\n<li>Decyzja Kapitu\u0142y jest nieodwo\u0142alna.<\/li>\n<\/ol>\n<h5>ZWYCI\u0118ZCY<\/h5>\n<p>Nominowani do Tytu\u0142u zostan\u0105 proszeni s\u0105 o przes\u0142anie swojego zdj\u0119cia w jako\u015bci do druku najp\u00f3\u017aniej na 14 dni przed uroczysto\u015bci\u0105 og\u0142oszenia Tytu\u0142u.<\/p>\n<ol>\n<li>Organizatorzy zastrzegaj\u0105 sobie prawo do publikowania, wy\u015bwietlania, digitalizacji, przekazywania, odtwarzania i, je\u015bli jest to wymagane, dla cel\u00f3w sk\u0142adu, modyfikowania i zmiany formatu dla ka\u017cdej przes\u0142anej fotografii, ilustracji, grafiki, innych zdj\u0119\u0107 oraz odnosz\u0105cy si\u0119 tekst\u00f3w.<\/li>\n<li>Wyniki Konkursu zostan\u0105 og\u0142oszone podczas Targ\u00f3w ELEKTROTECHNIKA i Targ\u00f3w \u015aWIAT\u0141O w Warszawie. Laureatom zostan\u0105 uroczy\u015bcie wr\u0119czone dyplomy. Dyplomy otrzymuj\u0105 tak\u017ce nominowani do Tytu\u0142u.<\/li>\n<li>Zwyci\u0119zcy zgadzaj\u0105 si\u0119, aby Organizatorzy wykorzystali ich dane i informacje biograficzne w reklamie i promocji we wszystkich mediach bez wynagrodzenia z wyj\u0105tkiem sytuacji, w kt\u00f3rych jest to niezgodne z prawem.<\/li>\n<\/ol>\n<h5>POSTANOWIENIA KO\u0143COWE<\/h5>\n<p>Na pytania dotycz\u0105ce Konkursu odpowiedzi udziela biuro Organizatora<\/p>\n<ol>\n<li>Wszelkie kwestie zwi\u0105zane z interpretacj\u0105 oraz zastosowaniem niniejszego Regulaminu b\u0119d\u0105 wyja\u015bniane i rozstrzygane przez Organizator\u00f3w<\/li>\n<\/ol>\n<p>[\/vc_column_text][\/vc_column][\/vc_row][vc_row][vc_column]<div class=\"ult-spacer spacer-69e6ef475ec47\" data-id=\"69e6ef475ec47\" data-height=\"50\" data-height-mobile=\"50\" data-height-tab=\"50\" data-height-tab-portrait=\"\" data-height-mobile-landscape=\"\" style=\"clear:both;display:block;\"><\/div>[vc_btn title=&#8221;Zg\u0142o\u015b nominacj\u0119 do Osobowo\u015bci Roku&#8221; style=&#8221;gradient&#8221; gradient_color_1=&#8221;violet&#8221; gradient_color_2=&#8221;sky&#8221; shape=&#8221;round&#8221; size=&#8221;lg&#8221; align=&#8221;center&#8221; link=&#8221;url:http%3A%2F%2Fosobowoscroku.pl%2Fwp-content%2Fuploads%2F2021%2F07%2Fformularz-zgloszeniowy-osobowosc-roku-za-2021.pdf|target:_blank&#8221;]<div class=\"ult-spacer spacer-69e6ef475ec53\" data-id=\"69e6ef475ec53\" data-height=\"50\" data-height-mobile=\"50\" data-height-tab=\"50\" data-height-tab-portrait=\"\" data-height-mobile-landscape=\"\" style=\"clear:both;display:block;\"><\/div>[\/vc_column][\/vc_row]<\/p>\n<\/div>","protected":false},"excerpt":{"rendered":"<p class=\"card-text\">[vc_row bg_type=&#8221;image&#8221; parallax_style=&#8221;vcpb-default&#8221; bg_image_new=&#8221;id^23|url^http:\/\/osobowoscroku.pl\/wp-content\/uploads\/2019\/10\/ludzie-kv.png|caption^null|alt^null|title^ludzie-kv|description^null&#8221; bg_image_repeat=&#8221;no-repeat&#8221; bg_img_attach=&#8221;fixed&#8221; bg_override=&#8221;ex-full&#8221;][vc_column][vc_column_text] Kryteria [\/vc_column_text][\/vc_column][\/vc_row][vc_row][vc_column][vc_column_text css=&#8221;&#8221;] POSTANOWIENIA OG\u00d3LNE Organizatorami Konkursu OSOBOWO\u015a\u0106 ROKU s\u0105 og\u00f3lnopolskie organizacje bran\u017cowe: Polska Izba In\u017cynier\u00f3w Budownictwa, Stowarzyszenie Elektryk\u00f3w Polskich, Polska Izba Gospodarcza Elektrotechniki, Polskie Stowarzyszenie Bran\u017cy Elektroenergetycznej, Stowarzyszenia Energetyk\u00f3w Polskich, Polska Izba Radiodyfuzji Cyfrowej, Zwi\u0105zek Telewizji Kablowych w Polsce Izba Gospodarcza, Krajowa Izba Gospodarcza Elektryki, Krajowa Izba [&#8230;]<\/p>\n<p class=\"m-0\"><a class=\"btn btn-outline-secondary btn-read-more\" href=\"https:\/\/osobowoscroku.pl\/index.php\/kryteria\/\">Read More<\/a><\/p>\n","protected":false},"author":1,"featured_media":0,"parent":0,"menu_order":0,"comment_status":"closed","ping_status":"closed","template":"","meta":{"footnotes":""},"class_list":["post-52","page","type-page","status-publish","hentry"],"yoast_head":"<!-- This site is optimized with the Yoast SEO plugin v25.9 - https:\/\/yoast.com\/wordpress\/plugins\/seo\/ -->\n<title>Kryteria - Osobowo\u015b\u0107 Roku<\/title>\n<meta name=\"robots\" content=\"index, follow, max-snippet:-1, max-image-preview:large, max-video-preview:-1\" \/>\n<link rel=\"canonical\" href=\"https:\/\/osobowoscroku.pl\/index.php\/kryteria\/\" \/>\n<meta property=\"og:locale\" content=\"pl_PL\" \/>\n<meta property=\"og:type\" content=\"article\" \/>\n<meta property=\"og:title\" content=\"Kryteria - Osobowo\u015b\u0107 Roku\" \/>\n<meta property=\"og:description\" content=\"[vc_row bg_type=&#8221;image&#8221; parallax_style=&#8221;vcpb-default&#8221; bg_image_new=&#8221;id^23|url^http:\/\/osobowoscroku.pl\/wp-content\/uploads\/2019\/10\/ludzie-kv.png|caption^null|alt^null|title^ludzie-kv|description^null&#8221; bg_image_repeat=&#8221;no-repeat&#8221; bg_img_attach=&#8221;fixed&#8221; bg_override=&#8221;ex-full&#8221;][vc_column][vc_column_text] Kryteria [\/vc_column_text][\/vc_column][\/vc_row][vc_row][vc_column][vc_column_text css=&#8221;&#8221;] POSTANOWIENIA OG\u00d3LNE Organizatorami Konkursu OSOBOWO\u015a\u0106 ROKU s\u0105 og\u00f3lnopolskie organizacje bran\u017cowe: Polska Izba In\u017cynier\u00f3w Budownictwa, Stowarzyszenie Elektryk\u00f3w Polskich, Polska Izba Gospodarcza Elektrotechniki, Polskie Stowarzyszenie Bran\u017cy Elektroenergetycznej, Stowarzyszenia Energetyk\u00f3w Polskich, Polska Izba Radiodyfuzji Cyfrowej, Zwi\u0105zek Telewizji Kablowych w Polsce Izba Gospodarcza, Krajowa Izba Gospodarcza Elektryki, Krajowa Izba [...]Read More\" \/>\n<meta property=\"og:url\" content=\"https:\/\/osobowoscroku.pl\/index.php\/kryteria\/\" \/>\n<meta property=\"og:site_name\" content=\"Osobowo\u015b\u0107 Roku\" \/>\n<meta property=\"article:modified_time\" content=\"2025-10-16T10:26:10+00:00\" \/>\n<meta name=\"twitter:card\" content=\"summary_large_image\" \/>\n<meta name=\"twitter:label1\" content=\"Szacowany czas czytania\" \/>\n\t<meta name=\"twitter:data1\" content=\"5 minut\" \/>\n<script type=\"application\/ld+json\" class=\"yoast-schema-graph\">{\"@context\":\"https:\/\/schema.org\",\"@graph\":[{\"@type\":\"WebPage\",\"@id\":\"https:\/\/osobowoscroku.pl\/index.php\/kryteria\/\",\"url\":\"https:\/\/osobowoscroku.pl\/index.php\/kryteria\/\",\"name\":\"Kryteria - Osobowo\u015b\u0107 Roku\",\"isPartOf\":{\"@id\":\"https:\/\/osobowoscroku.pl\/#website\"},\"datePublished\":\"2019-10-24T10:26:48+00:00\",\"dateModified\":\"2025-10-16T10:26:10+00:00\",\"breadcrumb\":{\"@id\":\"https:\/\/osobowoscroku.pl\/index.php\/kryteria\/#breadcrumb\"},\"inLanguage\":\"pl-PL\",\"potentialAction\":[{\"@type\":\"ReadAction\",\"target\":[\"https:\/\/osobowoscroku.pl\/index.php\/kryteria\/\"]}]},{\"@type\":\"BreadcrumbList\",\"@id\":\"https:\/\/osobowoscroku.pl\/index.php\/kryteria\/#breadcrumb\",\"itemListElement\":[{\"@type\":\"ListItem\",\"position\":1,\"name\":\"Strona g\u0142\u00f3wna\",\"item\":\"https:\/\/osobowoscroku.pl\/\"},{\"@type\":\"ListItem\",\"position\":2,\"name\":\"Kryteria\"}]},{\"@type\":\"WebSite\",\"@id\":\"https:\/\/osobowoscroku.pl\/#website\",\"url\":\"https:\/\/osobowoscroku.pl\/\",\"name\":\"Osobowo\u015b\u0107 Roku\",\"description\":\"Celem konkursu jest szeroka promocja os\u00f3b, kt\u00f3re wnios\u0142y istotny wk\u0142ad w rozw\u00f3j i propagowanie nowych rozwi\u0105za\u0144, tak technicznych, jak i organizacyjnych oraz systemowych w zakresie elektrotechniki, elektroenergetyki, teletechniki i o\u015bwietlenia w Polsce, sprawienie, aby nie by\u0142y one anonimowe i mog\u0142y stanowi\u0107 wz\u00f3r do na\u015bladowania dla innych.\",\"publisher\":{\"@id\":\"https:\/\/osobowoscroku.pl\/#organization\"},\"potentialAction\":[{\"@type\":\"SearchAction\",\"target\":{\"@type\":\"EntryPoint\",\"urlTemplate\":\"https:\/\/osobowoscroku.pl\/?s={search_term_string}\"},\"query-input\":{\"@type\":\"PropertyValueSpecification\",\"valueRequired\":true,\"valueName\":\"search_term_string\"}}],\"inLanguage\":\"pl-PL\"},{\"@type\":\"Organization\",\"@id\":\"https:\/\/osobowoscroku.pl\/#organization\",\"name\":\"Osobowo\u015b\u0107 Roku\",\"url\":\"https:\/\/osobowoscroku.pl\/\",\"logo\":{\"@type\":\"ImageObject\",\"inLanguage\":\"pl-PL\",\"@id\":\"https:\/\/osobowoscroku.pl\/#\/schema\/logo\/image\/\",\"url\":\"http:\/\/osobowoscroku.pl\/wp-content\/uploads\/2019\/10\/logo-OR.png\",\"contentUrl\":\"http:\/\/osobowoscroku.pl\/wp-content\/uploads\/2019\/10\/logo-OR.png\",\"width\":230,\"height\":70,\"caption\":\"Osobowo\u015b\u0107 Roku\"},\"image\":{\"@id\":\"https:\/\/osobowoscroku.pl\/#\/schema\/logo\/image\/\"}}]}<\/script>\n<!-- \/ Yoast SEO plugin. -->","yoast_head_json":{"title":"Kryteria - Osobowo\u015b\u0107 Roku","robots":{"index":"index","follow":"follow","max-snippet":"max-snippet:-1","max-image-preview":"max-image-preview:large","max-video-preview":"max-video-preview:-1"},"canonical":"https:\/\/osobowoscroku.pl\/index.php\/kryteria\/","og_locale":"pl_PL","og_type":"article","og_title":"Kryteria - Osobowo\u015b\u0107 Roku","og_description":"[vc_row bg_type=&#8221;image&#8221; parallax_style=&#8221;vcpb-default&#8221; bg_image_new=&#8221;id^23|url^http:\/\/osobowoscroku.pl\/wp-content\/uploads\/2019\/10\/ludzie-kv.png|caption^null|alt^null|title^ludzie-kv|description^null&#8221; bg_image_repeat=&#8221;no-repeat&#8221; bg_img_attach=&#8221;fixed&#8221; bg_override=&#8221;ex-full&#8221;][vc_column][vc_column_text] Kryteria [\/vc_column_text][\/vc_column][\/vc_row][vc_row][vc_column][vc_column_text css=&#8221;&#8221;] POSTANOWIENIA OG\u00d3LNE Organizatorami Konkursu OSOBOWO\u015a\u0106 ROKU s\u0105 og\u00f3lnopolskie organizacje bran\u017cowe: Polska Izba In\u017cynier\u00f3w Budownictwa, Stowarzyszenie Elektryk\u00f3w Polskich, Polska Izba Gospodarcza Elektrotechniki, Polskie Stowarzyszenie Bran\u017cy Elektroenergetycznej, Stowarzyszenia Energetyk\u00f3w Polskich, Polska Izba Radiodyfuzji Cyfrowej, Zwi\u0105zek Telewizji Kablowych w Polsce Izba Gospodarcza, Krajowa Izba Gospodarcza Elektryki, Krajowa Izba [...]Read More","og_url":"https:\/\/osobowoscroku.pl\/index.php\/kryteria\/","og_site_name":"Osobowo\u015b\u0107 Roku","article_modified_time":"2025-10-16T10:26:10+00:00","twitter_card":"summary_large_image","twitter_misc":{"Szacowany czas czytania":"5 minut"},"schema":{"@context":"https:\/\/schema.org","@graph":[{"@type":"WebPage","@id":"https:\/\/osobowoscroku.pl\/index.php\/kryteria\/","url":"https:\/\/osobowoscroku.pl\/index.php\/kryteria\/","name":"Kryteria - Osobowo\u015b\u0107 Roku","isPartOf":{"@id":"https:\/\/osobowoscroku.pl\/#website"},"datePublished":"2019-10-24T10:26:48+00:00","dateModified":"2025-10-16T10:26:10+00:00","breadcrumb":{"@id":"https:\/\/osobowoscroku.pl\/index.php\/kryteria\/#breadcrumb"},"inLanguage":"pl-PL","potentialAction":[{"@type":"ReadAction","target":["https:\/\/osobowoscroku.pl\/index.php\/kryteria\/"]}]},{"@type":"BreadcrumbList","@id":"https:\/\/osobowoscroku.pl\/index.php\/kryteria\/#breadcrumb","itemListElement":[{"@type":"ListItem","position":1,"name":"Strona g\u0142\u00f3wna","item":"https:\/\/osobowoscroku.pl\/"},{"@type":"ListItem","position":2,"name":"Kryteria"}]},{"@type":"WebSite","@id":"https:\/\/osobowoscroku.pl\/#website","url":"https:\/\/osobowoscroku.pl\/","name":"Osobowo\u015b\u0107 Roku","description":"Celem konkursu jest szeroka promocja os\u00f3b, kt\u00f3re wnios\u0142y istotny wk\u0142ad w rozw\u00f3j i propagowanie nowych rozwi\u0105za\u0144, tak technicznych, jak i organizacyjnych oraz systemowych w zakresie elektrotechniki, elektroenergetyki, teletechniki i o\u015bwietlenia w Polsce, sprawienie, aby nie by\u0142y one anonimowe i mog\u0142y stanowi\u0107 wz\u00f3r do na\u015bladowania dla innych.","publisher":{"@id":"https:\/\/osobowoscroku.pl\/#organization"},"potentialAction":[{"@type":"SearchAction","target":{"@type":"EntryPoint","urlTemplate":"https:\/\/osobowoscroku.pl\/?s={search_term_string}"},"query-input":{"@type":"PropertyValueSpecification","valueRequired":true,"valueName":"search_term_string"}}],"inLanguage":"pl-PL"},{"@type":"Organization","@id":"https:\/\/osobowoscroku.pl\/#organization","name":"Osobowo\u015b\u0107 Roku","url":"https:\/\/osobowoscroku.pl\/","logo":{"@type":"ImageObject","inLanguage":"pl-PL","@id":"https:\/\/osobowoscroku.pl\/#\/schema\/logo\/image\/","url":"http:\/\/osobowoscroku.pl\/wp-content\/uploads\/2019\/10\/logo-OR.png","contentUrl":"http:\/\/osobowoscroku.pl\/wp-content\/uploads\/2019\/10\/logo-OR.png","width":230,"height":70,"caption":"Osobowo\u015b\u0107 Roku"},"image":{"@id":"https:\/\/osobowoscroku.pl\/#\/schema\/logo\/image\/"}}]}},"_links":{"self":[{"href":"https:\/\/osobowoscroku.pl\/index.php\/wp-json\/wp\/v2\/pages\/52","targetHints":{"allow":["GET"]}}],"collection":[{"href":"https:\/\/osobowoscroku.pl\/index.php\/wp-json\/wp\/v2\/pages"}],"about":[{"href":"https:\/\/osobowoscroku.pl\/index.php\/wp-json\/wp\/v2\/types\/page"}],"author":[{"embeddable":true,"href":"https:\/\/osobowoscroku.pl\/index.php\/wp-json\/wp\/v2\/users\/1"}],"replies":[{"embeddable":true,"href":"https:\/\/osobowoscroku.pl\/index.php\/wp-json\/wp\/v2\/comments?post=52"}],"version-history":[{"count":15,"href":"https:\/\/osobowoscroku.pl\/index.php\/wp-json\/wp\/v2\/pages\/52\/revisions"}],"predecessor-version":[{"id":542,"href":"https:\/\/osobowoscroku.pl\/index.php\/wp-json\/wp\/v2\/pages\/52\/revisions\/542"}],"wp:attachment":[{"href":"https:\/\/osobowoscroku.pl\/index.php\/wp-json\/wp\/v2\/media?parent=52"}],"curies":[{"name":"wp","href":"https:\/\/api.w.org\/{rel}","templated":true}]}}